site?
False
Is 5341319 a prime number?
True
Is 6733681 a prime number?
True
Is 113924621 composite?
False
Is 17717099 a prime number?
True
Is 10545319 composite?
True
Is 20077501 composite?
True
Is 4615817 prime?
True
Is 2207334067 a composite number?
False
Is 16324643 a composite number?
True
Is 1606939 composite?
True
Is 441226519 prime?
False
Is 10157023 a prime number?
True
Is 869676481 a composite number?
False
Is 16363393 a prime number?
True
Is 334253737 prime?
False
Is 25319627 prime?
True
Is 12802679 prime?
False
Is 1035877 prime?
False
Is 2913 a prime number?
False
Is 286927 prime?
True
Is 3855539 prime?
True
Is 3793639 prime?
False
Is 1628741213 a prime number?
False
Is 2279311 a prime number?
False
Is 3755827 prime?
False
Is 3114539 a prime number?
False
Is 1113091 prime?
False
Is 5515811 a prime number?
False
Is 89970859 a prime number?
False
Is 299879 composite?
True
Is 134684769 a prime number?
False
Is 11972311 composite?
True
Is 137145565 a prime number?
False
Is 6605149 composite?
False
Is 109426519 a composite number?
True
Is 250409963 a prime number?
True
Is 326617411 a composite number?
True
Is 10502077 composite?
True
Is 309433 prime?
True
Is 18028589 composite?
True
Is 1739027 composite?
True
Is 1356371 composite?
False
Is 2458367 prime?
True
Is 283591309 a composite number?
False
Is 12086903 prime?
True
Is 34995101 composite?
True
Is 13006691 a composite number?
False
Is 1393433 a prime number?
False
Is 3769577 a composite number?
True
Is 13195891 a prime number?
False
Is 578520967 a composite number?
False
Is 137239127 composite?
True
Is 149389637 composite?
True
Is 4715047 a composite number?
False
Is 482734909 composite?
False
Is 924571 a prime number?
False
Is 8422699 a composite number?
True
Is 13719679 a prime number?
True
Is 62934803 a composite number?
True
Is 98200541 prime?
True
Is 1726719 a prime number?
False
Is 2943847 composite?
True
Is 35137633 a composite number?
True
Is 478701842 a composite number?
True
Is 47759311 prime?
True
Is 3936293 prime?
True
Is 52977259 a prime number?
True
Is 3039429 a composite number?
True
Is 19908319 composite?
False
Is 75583681 prime?
False
Is 52363391 a composite number?
False
Is 57937697 a prime number?
True
Is 1932677 prime?
True
Is 300289 composite?
True
Is 31058261 prime?
False
Is 573809 composite?
False
Is 6034201 prime?
False
Is 950671 composite?
False
Is 54523747 a composite number?
False
Is 11450513 a composite number?
True
Is 58314079 prime?
False
Is 6505399 prime?
False
Is 7859099 composite?
False
Is 394949 a prime number?
False
Is 124518035 prime?
False
Is 18214439 a composite number?
False
Is 71540927 a prime number?
True
Is 4933583 a composite number?
False
Is 32524733 a composite number?
True
Is 1403789 a prime number?
True
Is 1411387 a composite number?
False
Is 1654091 composite?
True
Is 4069049 a composite number?
False
Is 601219 a prime number?
True
Is 4311199 composite?
True
Is 625816703 composite?
True
Is 13397099 prime?
True
Is 1154401 composite?
False
Is 3417251 a prime number?
True
Is 16001291 composite?
True
Is 523837 composite?
True
Is 17853657 composite?
True
Is 17570951 composite?
True
Is 63581753 a composite number?
False
Is 2878489 a prime number?
False
Is 45493501 a prime number?
True
Is 42557297 a composite number?
True
Is 282261647 a composite number?
False
Is 20276489 prime?
True
Is 5163317 a composite number?
False
Is 583928893 prime?
False
Is 96646373 a prime number?
False
Is 485503 composite?
True
Is 1555319 a composite number?
False
Is 25049041 prime?
False
Is 20956129 a composite number?
False
Is 368206097 a prime number?
False
Is 1078123 a composite number?
True
Is 28702463 composite?
True
Is 2427293 composite?
True
Is 625169 a prime number?
True
Is 35034409 prime?
False
Is 7620049 a composite number?
False
Is 706780033 prime?
True
Is 32613731 a prime number?
False
Is 3522793 prime?
False
Is 96301163 composite?
True
Is 10497287 a composite number?
True
Is 70626827 prime?
True
Is 3431089 prime?
True
Is 18902801 a composite number?
False
Is 10354619 prime?
False
Is 363022409 a prime number?
False
Is 5254653 prime?
False
Is 4264259 composite?
False
Is 359837 a prime number?
True
Is 1105061 a prime number?
True
Is 10578157 a composite number?
True
Is 179001473 prime?
False
Is 718999 a prime number?
True
Is 73008029 a composite number?
False
Is 37760681 a prime number?
False
Is 181667 a composite number?
False
Is 2135004017 a composite number?
False
Is 297973927 a composite number?
True
Is 19544969 a prime number?
False
Is 10127809 a prime number?
True
Is 1106299699 composite?
False
Is 19386767 a composite number?
False
Is 32079329 composite?
False
Is 126591749 a prime number?
True
Is 32774093 a composite number?
True
Is 31100849 a composite number?
True
Is 93451693 composite?
True
Is 1018907 composite?
False
Is 34746995 prime?
False
Is 17163221 prime?
False
Is 21678577 composite?
False
Is 16963117 a prime number?
False
Is 13560871 a composite number?
False
Is 15223 a prime number?
False
Is 225818369 a prime number?
False
Is 1039273 a prime number?
False
Is 95409929 composite?
True
Is 247308167 prime?
False
Is 268811057 prime?
True
Is 864899359 composite?
True
Is 20183021 a prime number?
True
Is 21871117 a prime number?
True
Is 377657 a composite number?
True
Is 2041757 a prime number?
True
Is 30677777 prime?
False
Is 25615409 a prime number?
True
Is 1684973 a composite number?
False
Is 20288042 a prime number?
False
Is 712748578 a prime number?
False
Is 1398967 a prime number?
True
Is 782891 composite?
False
Is 36944153 a prime number?
False
Is 12499997 a composite number?
True
Is 84825231 a prime number?
False
Is 20118263 composite?
True
Is 2936207 composite?
False
Is 5150903 a prime number?
False
Is 19108517 composite?
True
Is 229156999 prime?
False
Is 99596671 composite?
True
Is 97027807 composite?
False
Is 1395143 composite?
True
Is 158462 a prime number?
False
Is 4404551 prime?
True
Is 10549919 prime?
True
Is 172063439 a composite number?
False
Is 269285417 composite?
True
Is 3089821 a composite number?
True
Is 32511019 a prime number?
True
Is 12349661 a composite number?
False
Is 61562687 prime?
True
Is 33692957 a prime number?
False
Is 21890329 composite?
False
Is 7113611 a composite number?
False
Is 9039287 prime?
True
Is 84631753 a composite number?
False
Is 2320111 a composite number?
False
Is 1072301 composite?
False
Is 213843923 prime?
False
Is 5143161 prime?
False
Is 1315319 a prime number?
False
Is 20152023 a composite number?
True
Is 540041 a prime number?
True
Is 160066079 a composite number?
False
Is 603199471 a composite number?
True
Is 5471849 a prime number?
True
Is 30494333 prime?
True
Is 40043917 a composite number?
True
Is 88529209 composite?
True
Is 95595187 composite?
True
Is 608591981 a prime number?
True
Is 199023581 composite?
True
Is 25047163 prime?
False
Is 2412541 composite?
False
Is 9877427 composite?
True
Is 3452227 a prime number?
True
Is 37435855 a composite number?
True
Is 2302609 a composite number?
False
Is 6330299 composite?
False
Is 3683401 a prime number?
True
Is 14420903 a composite number?
True
Is 71734111 a composite number?
True
Is 73073389 a prime number?
False
Is 9459809 a prime number?
True
Is 5101771 composite?
False
Is 358993 a composite number?
False
Is 3692231 composite?
False
Is 999121 a prime number?
False
Is 307039 prime?
False
Is 22002647 composite?
False
Is 6237211 a composite number?
False
Is 34419179 a prime number?
True
Is 65863607 prime?
True
Is 646693 a composite number?
True
Is 2277829 composite?
True
Is 203967215 a composite number?
True
Is 549607 composite?
False
Is 7900481 prime?
True
Is 212819471 prime?
True
Is 5813839 a prime number?
False
Is 296819533 composite?
True
Is 9472003 composite?
True
Is 84537901 composite?
True
Is 431817163 composite?
True
Is 8292803 prime?
True
Is 146596623 composite?
True
Is 28812943 composite?
True
Is 52562291 a prime number?
False
Is 3781387 a prime number?
True
Is 48606373 a composite number?
False
Is 335081599 a composite number?
False
Is 7683241 composite?
False
Is 4646995 prime?
False
Is 65126321 a prime number?
False
Is 89622739 a composite number?
True
Is 456439391 composite?
False
Is 840621 composite?
True
Is 40978813 a composi